highest common divisor of 51 and d.
3
Suppose -2*t = 4*r - 748, -r + 571 = 2*r + 4*t. Let v = 215 - r. Calculate the highest common divisor of v and 30.
30
Let w = 1131 + -871. Let u = 139 + w. What is the greatest common factor of 21 and u?
21
Suppose 249*q - 273*q = -360. Calculate the greatest common factor of q and 168.
3
Let i be 40/(2/4 - 0). Let j be 1*(-18)/(26/40 + (-8)/10). Calculate the highest common factor of i and j.
40
Let h be ((-23)/(-276) + (-22)/(-24))*76. Let s(c) = 16*c**2 - 8*c - 6. Let k be s(7). Calculate the greatest common divisor of h and k.
38
Let t = -9690 - -9990. What is the greatest common factor of 2300 and t?
100
Let b(t) = -10*t**2 - 67*t - 22. Let v be b(-6). Suppose -4*i + 65 = i. Suppose -2*k + 7 = -i. What is the greatest common divisor of v and k?
10
Let i(n) = 2*n**2 - 32*n + 32. Let z be i(22). Let m = z + -292. Calculate the highest common factor of m and 8.
4
Let x be (32/6)/((-63)/(-567)). What is the greatest common factor of 444 and x?
12
Let v = 8235 + -6791. What is the greatest common factor of v and 8?
4
Suppose -4 = v, -y - 5*v + 601 = -4*v. Let c be (10 - 4) + -2 + y + -1. What is the greatest common divisor of c and 32?
32
Let z(g) = -50*g**2 - 187*g + 8. Let y be z(-2). Calculate the greatest common factor of 910 and y.
182
Let j be (-2)/(-2) + (-5 - -108) + 6. Let s = 118 - j. What is the greatest common factor of s and 6?
2
Let k(x) = 2*x**3 + 47*x**2 + 21*x + 157. Let n be k(-23). What is the greatest common factor of n and 116?
29
Suppose 23*p - 30*p + 14 = 0. Suppose b = -p*t + 152, -2*b = -t - 4*t + 398. What is the highest common factor of t and 117?
39
Suppose -p = 2*f - 16, -94 = -4*p - 5*f - 18. Let v = -58 + 53. Let x be v/(30/(-9))*80. Calculate the greatest common divisor of p and x.
24
Suppose 0 = 4*x + k - 20, -3*x - x = 4*k - 32. Suppose f - 125 = -x*w - 4*f, -2*w + 2*f + 76 = 0. Calculate the highest common divisor of w and 5.
5
Let d(q) = q**2 + 9*q - 1. Let c be d(-7). Let z be (2 - -1 - c)*5. Let g = z + -30. What is the greatest common divisor of 24 and g?
12
Let b be 65/(-10)*(-108)/117 + 69. Calculate the highest common divisor of 660 and b.
15
Let l(t) = -546*t - 2170. Let a be l(-4). Let u(o) = 7*o + 2. Let d be u(-10). Let c = -40 - d. Calculate the highest common divisor of c and a.
14
Let v be 61/2*((-128)/(-192) - 8/(-6)). What is the highest common divisor of v and 14762?
61
Let q(s) = -s**2 + 8*s + 4. Let g be q(7). Suppose -3*c + k = -149, -4*k + 56 = c - g. Suppose 3 - c = -4*n. What is the greatest common divisor of 3 and n?
3
Let i = -10863 - -10869. Calculate the greatest common divisor of 6126 and i.
6
Let n = 145 + -70. Suppose -3*v + 156 = w, 4*w + 176 = 179*v - 175*v. What is the highest common factor of v and n?
25
Suppose -3*d - 19*z + 25*z + 43053 = 0, 0 = 3*z - 6. What is the greatest common divisor of d and 290?
145
Suppose 49*s + 66 = 51*s. Suppose -3*w = 5*n - 28, 40 = 4*w + 5*n + 1. What is the greatest common divisor of w and s?
11
Let k(g) = -5*g + 6. Let r be k(-10). Suppose -4*z - 5*l = -4276, 2*z - 193*l - 2132 = -194*l. What is the greatest common factor of z and r?
56
Suppose -5*u + 3*t = -215 + 6, 0 = 2*u + 4*t - 68. Let n be 1 + (-195)/(-18) - u/48. Suppose -w + 103 = -51. What is the greatest common divisor of w and n?
11
Let t = 4132 + -4102. Suppose 0*w - 2*w + 260 = 0. Calculate the highest common divisor of t and w.
10
Let x(n) = 2*n**2 - 151*n + 3945. Let g be x(32). What is the greatest common divisor of g and 3354?
129
Let q = 1602521 + -1601639. Let m = 197 - 99. Calculate the greatest common divisor of m and q.
98
Suppose -77*v = -81*v + 1528. Let t be 6/(-4) - v/(-4). Calculate the highest common factor of 235 and t.
47
Let j be 8 + (-1 - -2475 - -4) + (-4 - -2). What is the greatest common divisor of 1188 and j?
108
Let p(q) = -q**3 + 3*q**2 - 37*q - 24. Let u be p(12). Let z = -1012 - u. Calculate the highest common divisor of z and 47.
47
Let y = 13194 + -13148. Calculate the greatest common factor of 15778 and y.
46
Suppose -4*j + 0*a + 2*a + 6 = 0, -3*a = -2*j + 1. Suppose -j*c - 27*c + 232 = 0. What is the highest common factor of 220 and c?
4
Let b = 19 + 121. Suppose 0 = 4*u - 8*u + b. What is the highest common factor of u and 105?
35
Suppose -1087005 = -124*j + 1015957 - 252386. What is the greatest common divisor of j and 91?
91
Suppose -23*c - 25*c = -243 + 3. Let m = 609 + -24. What is the greatest common divisor of m and c?
5
Let s(u) = 111*u + 215. Let b be s(-9). Let g = -711 - b. What is the highest common divisor of g and 949?
73
Suppose -5*m = -1 - 9. Suppose -p = -m - 18. Let b = p - 8. What is the highest common divisor of 24 and b?
12
Suppose -3*t + 2*s - 6*s + 226 = 0, 3*t - 3*s - 219 = 0. Let u = -68 + t. Let f be 5/(15/114) + -2. Calculate the highest common factor of f and u.
6
Let f be 867 - ((-28)/(-8) - 2)*2. Suppose f = 10*v + 214. Suppose -31*z + 30 = -25*z. Calculate the highest common divisor of z and v.
5
Suppose 23 = 5*z - 2. Suppose b + 3*w - 36 = 0, -5*b + 10*w + 260 = z*w. Suppose 3*s - b = -s. Calculate the highest common factor of s and 18.
6
Suppose 39*q - 20301 = -87*q + 68529. Calculate the greatest common factor of q and 188.
47
Suppose -23*q + 204 = 11*q. Let m be (-6)/(-14) + (-10020)/(-140). Calculate the greatest common divisor of m and q.
6
Let o(n) = -n**3 + 26*n**2 - 89*n + 139. Let j be o(22). What is the greatest common factor of 611 and j?
13
Suppose 56*d - 57*d = -4*r - 69, 3*d = 4*r + 207. Calculate the greatest common divisor of d and 4209.
69
Let v = -21 - -31. Let j be 12/(-2)*(-2)/4. Suppose -41 = -r - j*p, 0 = -3*r - 0*r - p + 147. What is the highest common divisor of v and r?
10
Let s(q) = -q**3 - 3*q**2 + 6*q - 5. Let g be s(-5). Suppose -5*t = -3*h + 22 + g, 4*h - 40 = 2*t. What is the highest common divisor of h and 144?
9
Suppose -98*x - 2*x + 172*x - 20808 = 0. Calculate the greatest common factor of 12 and x.
1
Suppose 2*n - 475 = -3*n. Let g = -276 - -376. Let y = -81 + g. What is the highest common divisor of y and n?
19
Suppose -3*k + 4*k = -3*r + 1280, 858 = 2*r - 4*k. Suppose 2*g - r = -5*s + 177, 4*s = -g + 482. Calculate the greatest common divisor of s and 40.
40
Let z = 4 - -10. Let o(n) = 13*n**2 - 166*n + 507. Let l be o(5). What is the highest common factor of z and l?
2
Let w be 114/27 + 20/(-90). Suppose -w*y + r = -210, 5*y - 4*y - 3*r - 58 = 0. Calculate the greatest common factor of 26 and y.
26
Let l = 45 - 43. Suppose 0 = -2*r + l, 4*r = j - 0 - 3. Let w = j + 33. Calculate the highest common factor of w and 10.
10
Suppose 0 = 4*u - p - 25 - 163, -4 = p. Let a(d) = -3*d**2 - 15*d + 6. Let t be a(-5). Suppose -9*z + t = -12. Calculate the highest common divisor of z and u.
2
Let n = 438 + -255. Let i = n - 171. Calculate the highest common factor of 348 and i.
12
Suppose c = -g - 3, 2*g - 3*c - 10 + 1 = 0. Suppose -2*q + 0*z + z + 2 = 0, g = z. Let a = 10 - q. Calculate the highest common divisor of a and 36.
9
Let g(p) = -2*p**2 - 138*p + 140. Let x be g(0). Calculate the greatest common factor of 63 and x.
7
Let z(r) = 2*r**2 - 9*r - 2. Let a be z(5). Suppose -4*c = -q + 104, 7*q - 2*q + a*c = 520. What is the greatest common divisor of q and 78?
26
Let d(q) be the second derivative of q**3/6 + 3*q**2/2 + 4*q. Let l be d(-4). Let h = 10 + l. What is the highest common divisor of 72 and h?
9
Let s = -97 + 178. Let o be 19/(-57)*18 + (1 - -59). What is the highest common divisor of s and o?
27
Let n(r) = r**2 - 5*r + 26. Let s be n(4). Let t be (19 - 0)/(-21 + s). What is the greatest common divisor of t and 95?
19
Let b = 540 + -304. Let j = 256 - b. Calculate the highest common factor of 70 and j.
10
Suppose 8*t + 1008 = 4208. Suppose 0 = -8*k + 12*k + t. Let i = -50 - k. What is the greatest common factor of i and 20?
10
Let d be 7918/16 + (4008/(-192) - -21). What is the highest common divisor of d and 465?
15
Let y = 2358 + -2297. Calculate the greatest common divisor of y and 305.
61
Suppose -35*b + 3312 = 162. What is the highest common divisor of 315 and b?
45
Suppose 5*n + 624 = 8*n. Suppose -n = -10*u - 3*u. Calculate the greatest common divisor of 28 and u.
4
Let j(q) = 9 - 187*q**2 - 188*q**2 + 374*q**2. Let b be j(3). S